7*y**2 + 10*y + 9. Let z(o) = 6*p(o) + 5*r(o). List the prime factors of z(-1).
2, 3, 17
Suppose 0 = -17*y + 18*y - 35. Suppose 5*p = -4*z - 0*z + y, 0 = 5*p + z - 35. List the prime factors of p.
7
Let p(x) = 568*x**2 - 2*x - 2. What are the prime factors of p(1)?
2, 3, 47
Suppose -4*r - 3*s + 23 = 0, 0*r + 2*s = 5*r. Suppose -v = -n - 132, -2*v - r*n + 401 = v. List the prime factors of v.
7, 19
Suppose -3*f - 3 + 9 = 0, f = -4*l + 66. Let i = 25 - l. Suppose -i = -5*y + 6. List the prime factors of y.
3
Let n(b) = -b**3 - 6*b**2 + 12*b + 2. Let d be (24/(-2))/(2 - (-2)/(-4)). What are the prime factors of n(d)?
2, 17
Suppose 3*f = 6*f - 9. Let u(b) = -105 + 105 + 8*b**f - 4*b**2 + 5*b. What are the prime factors of u(2)?
2, 29
What are the prime factors of ((-158)/(-395))/(1/2350)?
2, 5, 47
Let f(d) = -72*d + 5. Let i be f(3). Let s = -79 - i. List the prime factors of s.
2, 3, 11
Let d(l) = 2*l**2 - 11*l - 2. Let v be d(6). List the prime factors of -67*(v - (0 + 5)).
67
Let x be (-438)/(-24) + 2/(-8). Suppose x = -2*c - c. Let k(q) = -4*q - 1. List the prime factors of k(c).
23
Suppose -23*o = -11*o. Suppose o = -2*u + 3*u - 205. List the prime factors of u.
5, 41
What are the prime factors of -482*(2 - 3) - -3?
5, 97
Let q = -4 + 17. List the prime factors of ((-43)/(-2))/(q/26).
43
Let r(i) = -i**2 + 5*i + 9. Let v be r(6). Suppose 0 = -v*l - 2*n + 416, -4*l - 4*n + 7*n + 549 = 0. List the prime factors of l.
2, 3, 23
Suppose 0 = -108*c + 99*c + 1278. List the prime factors of c.
2, 71
Let c(k) = -18*k**3 - 2*k - 2. Let t be c(-1). Let n = t + 179. What are the prime factors of n?
197
Let t be 6/(-3) - -2*3. Let d be -1 + 484 + (17 - 20). Suppose 2*p + t*p - d = 0. What are the prime factors of p?
2, 5
Let b(n) = -n**3 + 14*n**2 + 15*n. Let f be b(15). Suppose 4*g - 7*y + 3*y - 660 = f, 0 = -2*g - 4*y + 330. List the prime factors of g.
3, 5, 11
Let r(q) = q**2 - 23*q + 2078. What are the prime factors of r(0)?
2, 1039
Let v(p) = p - 1. Let g be v(3). Let l(o) = 3*o**g - o**2 + 8*o + 7 - 3. List the prime factors of l(-5).
2, 7
Suppose 68 = x - 22. Suppose -6*d = -4*d - x. What are the prime factors of d?
3, 5
Suppose -7*a - 4*a = -7161. What are the prime factors of a?
3, 7, 31
Let h(u) = 54*u**3 - 2*u + 1. Suppose 3*w + 12 = 15. What are the prime factors of h(w)?
53
Let c = 2023 + 210. List the prime factors of c.
7, 11, 29
Suppose 2*p + 40 = -3*a, -3 - 2 = a - p. Let i be 1992/30 - (-4)/a. Suppose -5*g + 110 = -k, 2*g + i = 5*g + 3*k. What are the prime factors of g?
2, 11
Let m = -20 - 10. What are the prime factors of 96/m*(-40)/1?
2
Suppose 0*m - 27 = 2*u + 5*m, -5*u - 10 = m. Let b be 10 + 1/u + 1. Suppose -2*z + b = -34. List the prime factors of z.
2, 11
Let x be (-2)/12 - 97/(-6). Suppose -9*j = -x - 2. List the prime factors of j.
2
Let u(l) = -5*l**2 - 4*l + 2. Let v be u(-2). Let z(s) = s**2 + 2*s - 5. What are the prime factors of z(v)?
3, 5
Let n(a) = 171*a**2 - 4*a + 3. Suppose -4*b = -5*i - 3*b + 10, -2*i + 5*b + 27 = 0. List the prime factors of n(i).
2, 5, 17
Suppose 47*u - 43*u - 1440 = 0. What are the prime factors of u?
2, 3, 5
Let q(x) = x**3 - 3*x**2 + 3. Let h be q(3). Suppose h*w - 8*w = -250. What are the prime factors of w?
2, 5
Let r(m) = -m**2 - 5*m + 17. Let f be r(-7). Let u = 9 - 4. Suppose -u*i = -98 + f. What are the prime factors of i?
19
List the prime factors of (-4)/44 + (-45282)/(-66).
2, 7
Suppose p + 5*q = 426, -2*p = 3*q - 2*q - 870. What are the prime factors of p?
2, 109
Suppose 0 = -6*w - 6. What are the prime factors of 83 - -1 - (3 + -5 + w)?
3, 29
Let w be (-5 - -3) + (-1 - -3)*2. Suppose w*v = -r + 15, 45 = 5*v + 4*r - 3*r. List the prime factors of v.
2, 5
Let g = -4474 + 8442. List the prime factors of g.
2, 31
Let o = 4 - 16. List the prime factors of -3*8/o + 150.
2, 19
Let w(r) = -101*r - 25. What are the prime factors of w(-3)?
2, 139
Let y(j) = 11*j**2 - 3*j + 4. Let a be y(4). What are the prime factors of a + ((-10)/(-25))/((-1)/5)?
2, 83
Let r be ((28 + -1)/(-3))/((-24)/64). Let i(p) = p**3 - 24*p**2 + 3*p + 26. List the prime factors of i(r).
2, 7
Let n(t) = -22*t - 23. Let m(c) = -c**2 + c + 6. Let z be m(-3). What are the prime factors of n(z)?
109
Let j(g) = -5*g. Let w be j(-2). Suppose 8 = o - w. List the prime factors of o.
2, 3
Let w(j) = 2*j**3 - 11*j**2 + 6*j - 5. Let d be w(5). Suppose d = -u, 528 = -4*q + 3*u + 1380. What are the prime factors of q?
3, 71
Suppose 86 = -14*c + 12*c. Let n = 20 - c. What are the prime factors of n?
3, 7
Let s(h) = 5*h + 1. Let k be s(3). Suppose 0 = -x + 2*m + 4, x + 0*x = -4*m + k. Suppose 0 = 4*c - 5*c + x. What are the prime factors of c?
2
Let i(h) be the second derivative of -3/4*h**4 + 0 + 1/20*h**5 - 1/2*h**2 + 3/2*h**3 + 4*h. List the prime factors of i(8).
7
Let u(x) = 25*x - 2. Suppose y - 5 = -5*s, -5*y - 18 = 4*s - 1. What are the prime factors of u(s)?
2, 3
Let o(z) = -3*z - 7*z + 2*z - 2*z - 34. What are the prime factors of o(-10)?
2, 3, 11
Let u(o) = 297*o + 97. List the prime factors of u(1).
2, 197
Let g(o) = -280*o - 294. What are the prime factors of g(-6)?
2, 3, 7, 11
Suppose -5*c + c = -3*g - 17, -2*c + 12 = 2*g. Suppose g - 16 = 3*j, 4*j = -4*t + 280. List the prime factors of t.
3, 5
Suppose -4*f = -f - 2451. List the prime factors of f.
19, 43
Let o(q) = -q**3 - 8*q**2 - 7*q + 9. Let n be o(-7). Let c(l) = -l**3 + 8*l**2 + 12*l + 9. Let a be c(n). Let i = a + -26. List the prime factors of i.
2, 5
Let q = -63 - -45. Suppose 11*p - 164 = -4*l + 12*p, -3*p + 164 = 4*l. Let r = q + l. List the prime factors of r.
23
Let p be (3 - 3)/(-2 + 0). Let q(g) = -15*g - 11. Let y be q(-10). Suppose 5*n + 2*t - y = p, -n - 3*t + 6*t = -21. What are the prime factors of n?
3
Let g(k) = 14*k - 50. Suppose -4 = -o + 2*m, -9*o + 13*o - 3*m - 26 = 0. List the prime factors of g(o).
2, 31
Suppose l = 4*m + 163, 3*m + 7 = l - 157. What are the prime factors of l?
167
Let o = -282 - -429. List the prime factors of o.
3, 7
Let z(g) = -10*g**2 + g + 2. Let n be z(2). Suppose 2*r + 3*k - 8 = 7, 5*r - 21 = -2*k. What are the prime factors of r*40/n*-18?
2, 3, 5
Suppose 50 - 554 = 6*c. Let o be (36/21)/((-8)/c). What are the prime factors of o - (1 - (4 - 2))?
19
Let a = -88 + 107. Suppose -d - 9*v = -5*v - a, -3*d + v + 18 = 0. What are the prime factors of d?
7
Let m(l) = l**2 + 8*l + 7. Let f be m(-5). Let u = f - -8. Suppose u = 3*i + 2*i - 40. What are the prime factors of i?
2
Let z be 0*(-2 + (-6)/(-4)). Suppose 3*b + 104 = 5*b + 4*t, z = 4*b + 5*t - 211. What are the prime factors of b?
2, 3
Let g(l) be the third derivative of -l**4/24 + l**3/3 - l**2. Let d(k) = k**3 - 10*k**2 - 10*k - 13. Let m be d(11). List the prime factors of g(m).
2
Let j(c) = 12*c + 24. Let i(s) = 7*s + 12. Let h(l) = 9*i(l) - 4*j(l). What are the prime factors of h(4)?
2, 3
Let o(r) = 14*r - 38. Let g(y) = y**2. Let k(n) = g(n) - o(n). What are the prime factors of k(21)?
5, 37
Let y(m) = 58*m + 41. Let z be y(7). Let q = z - 305. List the prime factors of q.
2, 71
Let y(h) = h. Let p(v) = 2*v**2. Let s(t) = p(t) - 3*y(t). Let d = 23 - 21. List the prime factors of s(d).
2
Let g(n) = -5*n + 0*n + 3 + 6*n. Let q be g(3). What are the prime factors of (-166)/(-7) - q/(-21)?
2, 3
Let l = 69 + -14. Let n = l - -72. What are the prime factors of n?
127
Let h(c) = 5*c**3 + 0*c**2 + 0*c + 6*c**3 + 2*c**2 - 2*c. What are the prime factors of h(1)?
11
Let w be -20 + -1 - (24 + -20). Suppose -3*v - 384 = 5*i, 0 = 5*i - i - 2*v + 316. Let o = w - i. What are the prime factors of o?
53
Let a be 77/5 + 2/(-5). Let k be ((-12)/a)/(4/(-10)). Let h = 26 + k. List the prime factors of h.
2, 7
List the prime factors of -1 + (-12159)/(-36) + 3/(-4).
2, 3, 7
Let l = 326 + 177. What are the prime factors of l?
503
Let s(i) = 73*i + 1. Let r(w) = w - 1. Let a be r(2). Let j be s(a). Suppose -3*h + 4*v + 76 = 0, -j = -5*h + 2*h + 2*v. List the prime factors of h.
2, 3
Let g = -99 - -263. Suppose -3*q - q - 319 = -3*j, 8 = 4*q. Let y = g - j. What are the prime factors of y?
5, 11
Let w be 7/2 + (-27)/18. Suppose w*b + 56 = -j + 2*j, 112 = 2*j + 5*b. List the prime factors of j.
2, 7
List the prime factors of (-10493)/(-10) + 60/(-200).
1049
Suppose -4*j + 1620 + 1840 =